{"id":91,"date":"2025-02-16T16:17:24","date_gmt":"2025-02-16T15:17:24","guid":{"rendered":"https:\/\/savrp.de\/doj\/?page_id=91"},"modified":"2026-04-20T23:59:13","modified_gmt":"2026-04-20T21:59:13","slug":"unser-team","status":"publish","type":"page","link":"https:\/\/savrp.de\/doj\/unser-team\/","title":{"rendered":"Unser Team"},"content":{"rendered":"\n<div class=\"wp-block-cover\"><span aria-hidden=\"true\" class=\"wp-block-cover__background has-background-dim\"><\/span><div class=\"wp-block-cover__inner-container is-layout-flow wp-block-cover-is-layout-flow\">\n<div class=\"wp-block-group\"><div class=\"wp-block-group__inner-container is-layout-constrained wp-block-group-is-layout-constrained\">\n<div class=\"wp-block-media-text is-stacked-on-mobile\"><figure class=\"wp-block-media-text__media\"><img loading=\"lazy\" decoding=\"async\" width=\"300\" height=\"208\" src=\"https:\/\/savrp.de\/doj\/wp-content\/uploads\/2025\/03\/joebarnes.png\" alt=\"\" class=\"wp-image-109 size-full\"\/><\/figure><div class=\"wp-block-media-text__content\">\n<blockquote class=\"wp-block-quote is-layout-flow wp-block-quote-is-layout-flow\">\n<p class=\"has-text-align-left\"><strong>Gouverneur<\/strong><br>Der Gouverneur des Staates San Andreas, <strong>Joe Barnes<\/strong>, ist die h\u00f6chste politische Instanz und verantwortlich f\u00fcr die \u00fcbergeordnete Verwaltung des Bundesstaates. Er setzt sich f\u00fcr wirtschaftliches Wachstum, Sicherheit und soziale Gerechtigkeit ein. Unter seiner F\u00fchrung werden Gesetze erlassen, Infrastrukturprojekte gef\u00f6rdert und strategische Entscheidungen f\u00fcr die Zukunft von San Andreas getroffen. Trotz Herausforderungen wie organisierter Kriminalit\u00e4t und sozialer Spannungen verfolgt Barnes eine Politik der Stabilit\u00e4t und Entwicklung, um den Staat f\u00fcr alle B\u00fcrger lebenswert zu gestalten.<\/p>\n<\/blockquote>\n<\/div><\/div>\n<\/div><\/div>\n<\/div><\/div>\n\n\n\n<div class=\"wp-block-cover\"><span aria-hidden=\"true\" class=\"wp-block-cover__background has-background-dim\"><\/span><div class=\"wp-block-cover__inner-container is-layout-flow wp-block-cover-is-layout-flow\">\n<div class=\"wp-block-group\"><div class=\"wp-block-group__inner-container is-layout-constrained wp-block-group-is-layout-constrained\">\n<div class=\"wp-block-media-text is-stacked-on-mobile\"><figure class=\"wp-block-media-text__media\"><img loading=\"lazy\" decoding=\"async\" width=\"300\" height=\"208\" src=\"https:\/\/savrp.de\/doj\/wp-content\/uploads\/2026\/04\/nova.png\" alt=\"\" class=\"wp-image-126 size-full\"\/><\/figure><div class=\"wp-block-media-text__content\">\n<blockquote class=\"wp-block-quote is-layout-flow wp-block-quote-is-layout-flow\">\n<p class=\"has-text-align-left\"><strong>Chief of Justice<\/strong><br>Der Chief of Justice von San Andreas, Michael Nova, ist eine pr\u00e4gende Pers\u00f6nlichkeit des Rechtssystems, die Autorit\u00e4t, Disziplin und einen ausgepr\u00e4gten Sinn f\u00fcr Gerechtigkeit vereint. In seiner verantwortungsvollen Position steht er an der Spitze der Justiz und sorgt daf\u00fcr, dass Gesetz und Ordnung nicht nur konsequent durchgesetzt, sondern auch fair und ausgewogen angewendet werden. Mit seiner ruhigen und kontrollierten Art vermittelt er selbst in angespannten Situationen Sicherheit und Stabilit\u00e4t. Entscheidungen trifft er bedacht, faktenbasiert und mit dem Anspruch, pers\u00f6nliche Emotionen von seiner Arbeit zu trennen. Gleichzeitig zeichnen ihn starke moralische \u00dcberzeugungen und ein tiefes Verst\u00e4ndnis f\u00fcr die Tragweite seiner Urteile aus. Michael Nova steht f\u00fcr Integrit\u00e4t, Besonnenheit und eine gerechte Rechtsprechung, die das Vertrauen in die Justiz von San Andreas langfristig st\u00e4rkt.<\/p>\n<\/blockquote>\n<\/div><\/div>\n<\/div><\/div>\n<\/div><\/div>\n","protected":false},"excerpt":{"rendered":"","protected":false},"author":1,"featured_media":0,"parent":0,"menu_order":0,"comment_status":"closed","ping_status":"closed","template":"","meta":{"footnotes":""},"class_list":["post-91","page","type-page","status-publish","hentry","post"],"_links":{"self":[{"href":"https:\/\/savrp.de\/doj\/wp-json\/wp\/v2\/pages\/91","targetHints":{"allow":["GET"]}}],"collection":[{"href":"https:\/\/savrp.de\/doj\/wp-json\/wp\/v2\/pages"}],"about":[{"href":"https:\/\/savrp.de\/doj\/wp-json\/wp\/v2\/types\/page"}],"author":[{"embeddable":true,"href":"https:\/\/savrp.de\/doj\/wp-json\/wp\/v2\/users\/1"}],"replies":[{"embeddable":true,"href":"https:\/\/savrp.de\/doj\/wp-json\/wp\/v2\/comments?post=91"}],"version-history":[{"count":11,"href":"https:\/\/savrp.de\/doj\/wp-json\/wp\/v2\/pages\/91\/revisions"}],"predecessor-version":[{"id":127,"href":"https:\/\/savrp.de\/doj\/wp-json\/wp\/v2\/pages\/91\/revisions\/127"}],"wp:attachment":[{"href":"https:\/\/savrp.de\/doj\/wp-json\/wp\/v2\/media?parent=91"}],"curies":[{"name":"wp","href":"https:\/\/api.w.org\/{rel}","templated":true}]}}